st common factor of 3454 and 154?
22
What is the highest common factor of 385 and 55?
55
What is the highest common divisor of 10498 and 58?
58
Calculate the greatest common divisor of 327 and 2834.
109
What is the highest common divisor of 889 and 7?
7
What is the highest common divisor of 7707 and 21?
21
Calculate the greatest common factor of 153 and 63.
9
Calculate the highest common divisor of 726 and 198.
66
Calculate the greatest common divisor of 29 and 7.
1
Calculate the highest common factor of 68 and 80.
4
Calculate the greatest common factor of 368 and 1012.
92
Calculate the greatest common factor of 11 and 88.
11
What is the highest common factor of 90 and 9930?
30
Calculate the highest common factor of 9 and 37278.
9
What is the highest common factor of 11 and 1?
1
Calculate the greatest common factor of 4094 and 230.
46
Calculate the greatest common divisor of 66 and 798.
6
Calculate the greatest common divisor of 12 and 3138.
6
What is the greatest common factor of 261 and 377?
29
What is the highest common factor of 2555 and 105?
35
What is the greatest common divisor of 4427 and 1165?
233
Calculate the greatest common divisor of 1300 and 600.
100
Calculate the greatest common divisor of 210 and 1610.
70
Calculate the highest common divisor of 6 and 4476.
6
Calculate the greatest common divisor of 32 and 2.
2
Calculate the greatest common factor of 1474 and 440.
22
Calculate the greatest common divisor of 667 and 46.
23
Calculate the highest common factor of 228 and 12.
12
Calculate the highest common factor of 400 and 40.
40
What is the greatest common divisor of 58 and 319?
29
What is the greatest common factor of 171 and 72?
9
Calculate the highest common divisor of 575 and 1311.
23
Calculate the highest common factor of 5 and 4610.
5
What is the greatest common factor of 76 and 570?
38
Calculate the highest common divisor of 1375 and 55.
55
What is the highest common factor of 13 and 11089?
13
What is the greatest common factor of 6 and 291?
3
What is the greatest common factor of 767 and 1092?
13
Calculate the greatest common divisor of 770 and 980.
70
What is the greatest common divisor of 5360 and 48?
16
What is the highest common divisor of 7 and 119?
7
Calculate the highest common divisor of 92 and 989.
23
Calculate the greatest common divisor of 13 and 8.
1
Calculate the greatest common factor of 16110 and 90.
90
Calculate the highest common factor of 231 and 66759.
231
What is the greatest common divisor of 9 and 3411?
9
What is the greatest common divisor of 754 and 58?
58
What is the greatest common factor of 184 and 32?
8
What is the highest common divisor of 35 and 805?
35
Calculate the highest common divisor of 67 and 2077.
67
Calculate the highest common divisor of 720 and 1770.
30
What is the greatest common divisor of 418 and 19?
19
Calculate the greatest common divisor of 12 and 1308.
12
What is the greatest common factor of 187 and 121?
11
Calculate the highest common factor of 3075 and 5.
5
What is the greatest common divisor of 18 and 477?
9
Calculate the greatest common divisor of 4331 and 61.
61
Calculate the greatest common divisor of 558 and 378.
18
What is the greatest common divisor of 8 and 248?
8
Calculate the greatest common divisor of 12 and 1674.
6
What is the greatest common factor of 56 and 56?
56
Calculate the highest common factor of 780 and 80.
20
What is the greatest common divisor of 56 and 17752?
56
What is the highest common divisor of 310 and 920?
10
Calculate the greatest common divisor of 81 and 189.
27
Calculate the highest common divisor of 2535 and 90.
15
What is the highest common factor of 46 and 6946?
46
Calculate the highest common divisor of 27 and 13518.
9
Calculate the highest common factor of 16 and 304.
16
Calculate the greatest common factor of 636 and 396.
12
Calculate the greatest common divisor of 1 and 59.
1
What is the highest common factor of 18 and 48?
6
Calculate the greatest common factor of 48 and 1296.
48
Calculate the highest common factor of 32 and 21744.
16
Calculate the highest common factor of 18 and 7746.
6
What is the highest common divisor of 36 and 612?
36
What is the highest common factor of 38 and 352?
2
Calculate the highest common divisor of 17222 and 436.
218
What is the greatest common factor of 162 and 1863?
81
Calculate the greatest common divisor of 15 and 15.
15
What is the highest common factor of 45 and 66915?
45
Calculate the greatest common factor of 3560 and 16.
8
Calculate the greatest common factor of 16 and 2304.
16
What is the greatest common divisor of 51 and 1751?
17
What is the greatest common factor of 327 and 218?
109
What is the greatest common factor of 4 and 28?
4
What is the greatest common divisor of 252 and 1854?
18
Calculate the greatest common divisor of 273 and 3.
3
What is the highest common factor of 6 and 1794?
6
What is the greatest common divisor of 82 and 574?
82
What is the highest common divisor of 108 and 1830?
6
What is the greatest common divisor of 4360 and 80?
40
What is the greatest common factor of 1281 and 21?
21
Calculate the greatest common factor of 351 and 117.
117
What is the highest common factor of 93 and 3?
3
Calculate the greatest common factor of 329 and 47.
47
What is the highest common factor of 106 and 2?
2
Calculate the highest common factor of 52 and 7254.
26
What is the highest common factor of 23 and 1219?
23
Calculate the greatest common factor of 464 and 3364.
116
What is the highest common divisor of 159 and 3?
3
What is the highest common divisor of 164 and 41?
41
What is the greatest common factor of 59375 and 19?
19
Calculate the highest common factor of 1222 and 3290.
94
What is the greatest common factor of 262 and 46?
2
Calculate the highest common factor of 60 and 675.
15
What is the greatest common divisor of 5556 and 12?
12
What is the greatest common factor of 30 and 9970?
10
Calculate the greatest common factor of 140 and 1988.
28
What is the greatest common factor of 2 and 272?
2
Calculate the greatest common divisor of 8515 and 130.
65
What is the highest common factor of 18563 and 57?
19
Calculate the highest common factor of 1577 and 304.
19
What is the highest common factor of 138 and 621?
69
What is the highest common factor of 114 and 96?
6
Calculate the greatest common factor of 1102 and 1392.
58
Calculate the greatest common factor of 18 and 2.
2
What is the highest common divisor of 71 and 2?
1
What is the greatest common divisor of 39 and 1599?
39
Calculate the highest common divisor of 70 and 1330.
70
Calculate the highest common factor of 980 and 40.
20
Calculate the highest common factor of 81 and 729.
81
Calculate the highest common factor of 40 and 16540.
20
What is the highest common factor of 182 and 1365?
91
Calculate the greatest common factor of 11488 and 4.
4
What is the highest common divisor of 3999 and 1209?
93
Calculate the highest common factor of 992 and 12028.
124
What is the highest common divisor of 205 and 41?
41
Calculate the highest common divisor of 134 and 6633.
67
Calculate the highest common factor of 2565 and 675.
135
What is the greatest common factor of 88 and 2376?
88
Calculate the highest common factor of 216 and 16632.
216
What is the highest common divisor of 140 and 112?
28
What is the highest common factor of 120 and 315?
15
Calculate the greatest common divisor of 2556 and 72.
36
Calculate the greatest common factor of 9329 and 19.
19
What is the highest common divisor of 130 and 17550?
130
What is the greatest common factor of 868 and 279?
31
Calculate the greatest common factor of 18 and 60.
6
What is the highest common divisor of 738 and 1066?
82
Calculate the greatest common factor of 8 and 744.
8
What is the highest common divisor of 97 and 7?
1
What is the greatest common factor of 38 and 209?
19
Calculate the highest common factor of 1763 and 779.
41
What is the highest common divisor of 285 and 15?
15
What is the highest common divisor of 352 and 220?
44
Calculate the highest common divisor of 1870 and 440.
110
What is the highest common factor of 27 and 171?
9
Calculate the greatest common divisor of 20 and 25230.
10
Calculate the highest common factor of 1095 and 15.
15
Calculate the greatest common factor of